471
Calculate the highest common factor of 1358 and 16779.
7
What is the highest common factor of 5515718 and 3328?
26
What is the greatest common factor of 10 and 16259890?
10
What is the greatest common divisor of 128 and 1826408?
8
What is the highest common divisor of 829400 and 49907?
143
What is the highest common factor of 5470472 and 210?
14
What is the greatest common divisor of 290 and 291356330?
290
What is the highest common factor of 2409560 and 322636?
4084
What is the greatest common divisor of 29431821 and 447?
447
What is the greatest common divisor of 5334 and 491871?
381
What is the highest common factor of 11133824 and 2496?
832
Calculate the greatest common divisor of 259686300 and 5700.
5700
Calculate the greatest common divisor of 282100680 and 1440.
360
Calculate the highest common divisor of 30 and 335189055.
15
Calculate the greatest common divisor of 24394503 and 15855.
3171
What is the highest common factor of 7580 and 239141420?
7580
What is the highest common divisor of 1084777071 and 251?
251
What is the greatest common factor of 874923 and 81557?
427
Calculate the greatest common factor of 40629195 and 645.
645
Calculate the greatest common factor of 2891833229 and 17.
17
What is the highest common factor of 418 and 3042534?
22
What is the greatest common divisor of 646776 and 1710696?
312
Calculate the greatest common factor of 680 and 66022.
2
Calculate the highest common divisor of 16555617 and 71451.
4203
What is the highest common factor of 510 and 41468865?
255
What is the highest common factor of 36912 and 49092191?
769
Calculate the highest common factor of 186 and 5294769.
93
Calculate the greatest common divisor of 743240 and 27149.
17
What is the greatest common divisor of 91 and 48964643?
91
Calculate the highest common factor of 85705 and 1377563.
61
Calculate the greatest common factor of 3801216 and 57.
57
What is the greatest common factor of 128 and 4662528?
128
What is the highest common factor of 2223220 and 98671?
1249
What is the highest common factor of 34639627 and 11?
11
Calculate the highest common factor of 1640 and 1309703180.
820
Calculate the highest common divisor of 59208 and 30792.
24
Calculate the highest common factor of 219405 and 9250.
5
Calculate the greatest common divisor of 420 and 4572015.
105
What is the greatest common divisor of 390 and 104249775?
15
Calculate the highest common factor of 2055300 and 310.
310
Calculate the greatest common factor of 5757 and 43453.
19
Calculate the highest common divisor of 321 and 78154191.
321
Calculate the highest common factor of 29025 and 2951262.
1161
What is the greatest common factor of 126 and 87048318?
42
What is the highest common factor of 1584 and 2780184?
264
Calculate the greatest common factor of 295 and 71125.
5
What is the highest common factor of 62750455 and 11103?
3701
Calculate the greatest common factor of 4029 and 7723593.
4029
What is the highest common factor of 124 and 50313?
31
What is the greatest common factor of 228592 and 2517424?
1456
What is the greatest common divisor of 121 and 954043?
1
What is the greatest common divisor of 101973 and 121652?
1789
Calculate the greatest common divisor of 969043 and 238567.
197
Calculate the greatest common factor of 759 and 5265579.
33
What is the highest common factor of 125 and 7127?
1
What is the highest common divisor of 50 and 6638525?
25
Calculate the greatest common divisor of 17040 and 2222655.
1065
What is the greatest common factor of 13656 and 305964387?
1707
Calculate the highest common factor of 1570346637 and 498.
249
Calculate the highest common factor of 15504550 and 475.
25
What is the highest common divisor of 80160408 and 2349?
783
What is the greatest common divisor of 37554 and 113058?
66
Calculate the highest common divisor of 248 and 916391.
31
What is the greatest common factor of 79827 and 2100813?
1947
Calculate the highest common divisor of 211072 and 15411554.
3298
What is the highest common divisor of 248 and 76858424?
248
Calculate the greatest common factor of 54978 and 16865898.
294
Calculate the highest common divisor of 625 and 24308875.
125
Calculate the greatest common factor of 22 and 345872.
2
Calculate the greatest common factor of 294 and 85476972.
294
Calculate the highest common divisor of 895 and 47026701.
179
What is the highest common factor of 315033 and 31659?
519
What is the highest common divisor of 11206364 and 4?
4
What is the greatest common divisor of 101079 and 38214?
99
What is the greatest common factor of 2889152 and 18368?
448
What is the highest common factor of 2141282 and 616?
22
Calculate the greatest common factor of 63714 and 10854690.
1554
What is the highest common divisor of 567006464 and 32?
32
Calculate the greatest common divisor of 88362788 and 2830.
566
Calculate the greatest common factor of 273 and 1452871329.
273
Calculate the greatest common divisor of 65 and 608530845.
65
Calculate the highest common factor of 598595237 and 229.
229
Calculate the highest common factor of 15073525 and 11512.
1439
What is the greatest common divisor of 589266600 and 46500?
9300
What is the greatest common divisor of 2252752 and 16?
16
Calculate the highest common divisor of 36873369 and 7119.
1017
What is the greatest common divisor of 146131 and 14500?
29
What is the greatest common divisor of 1662815 and 36113?
539
What is the highest common divisor of 396 and 20042?
22
What is the highest common divisor of 3031 and 1599069?
433
Calculate the highest common divisor of 8 and 56414032.
8
What is the highest common divisor of 66786552 and 126?
126
Calculate the highest common factor of 8 and 18613492.
4
Calculate the highest common divisor of 1025494 and 30.
2
Calculate the greatest common factor of 53 and 595962369.
53
What is the greatest common factor of 441350 and 21728?
1358
Calculate the greatest common divisor of 24123387 and 1161.
129
What is the highest common divisor of 2908250 and 16000?
250
What is the greatest common factor of 1431141 and 69?
3
What is the greatest common factor of 791667 and 1308?
327
Calculate the highest common factor of 154 and 8175118.
14
Calculate the highest common divisor of 31135269 and 330.
33
What is the highest common factor of 5 and 28439335?
5
Calculate the greatest common divisor of 2487733 and 17461.
919
Calculate the greatest common factor of 85969324 and 54684.
6076
What is the greatest common divisor of 740 and 9756345?
185
Calculate the greatest common divisor of 306434155 and 290.
145
Calculate the highest common factor of 538394 and 252327.
241
What is the highest common factor of 1528 and 4700510?
382
Calculate the highest common divisor of 5716521 and 108.
27
Calculate the highest common factor of 381122352 and 5616.
1872
What is the highest common factor of 23809419 and 2151?
2151
Calculate the greatest common divisor of 239137632 and 864.
288
Calculate the highest common divisor of 1936563231 and 537.
537
What is the highest common factor of 58313884 and 8?
4
Calculate the greatest common divisor of 3345056 and 59598.
946
Calculate the highest common factor of 1715736 and 41516.
388
What is the greatest common divisor of 1811811120 and 12?
12
What is the highest common divisor of 2144363 and 1054?
527
What is the greatest common divisor of 242 and 229196?
22
Calculate the greatest common divisor of 12 and 375525732.
12
Calculate the highest common factor of 2718891 and 398469.
1257
Calculate the greatest common factor of 7037890 and 115.
5
What is the highest common divisor of 31964 and 340862?
262
Calculate the highest common factor of 254891125 and 125.
125
Calculate the greatest common factor of 1190166 and 212718.
1758
Calculate the greatest common divisor of 2758554 and 1350.
18
What is the highest common factor of 77 and 810813080?
77
What is the highest common divisor of 27512808 and 48?
24
What is the highest common divisor of 413524490 and 2074?
2074
Calculate the highest common factor of 11414 and 721396.
26
What is the highest common divisor of 152939261 and 77013?
8557
What is the greatest common divisor of 8359491 and 3?
3
Calculate the greatest common factor of 41371 and 9141.
11
Calculate the highest common factor of 1279939 and 4.
1
W